
Let c(b) = -b**3 - b**2 - 2*b + 17. Calculate c(0).
17
Let x(w) = w**2 - 6*w + 13. Give x(6).
13
Let s(p) = -9*p - 11. What is s(4)?
-47
Let d(p) = -p**3 - 15*p**2 + 15*p - 14. Give d(-16).
2
Let a(y) = -y**3 + 6*y**2 + 1. Determine a(5).
26
Let d(g) = g**3 + 6*g**2 + 6*g + 15. Give d(-6).
-21
Let w(o) = 66*o**3 - o**2 + 2*o - 1. Give w(1).
66
Let u(o) = o - 9. Determine u(-9).
-18
Let r(n) = n**2 - 10*n + 17. Determine r(15).
92
Let z(a) = -a**3 + 22*a**2 + 4. Calculate z(22).
4
Let g(b) = -153*b + 1. What is g(-1)?
154
Let b(k) = 3*k**3 - 3*k**2 - 2. Give b(2).
10
Let w(f) = f - 14. Calculate w(2).
-12
Let y(h) = -h**3 - 8*h**2 - 5*h - 4. Determine y(-7).
-18
Let u(z) = -6*z - 134. Calculate u(-25).
16
Let x(a) = -a**3 + 20*a**2 - 18*a - 18. Calculate x(19).
1
Let n(q) = q + 8. Give n(-7).
1
Let s(u) = 4*u - 46. Give s(10).
-6
Let s(y) = -y**2 - 9*y - 6. What is s(-9)?
-6
Let t(v) = -18*v - 1. Give t(3).
-55
Let c(p) = 2*p**3 + 16*p**2 - 7*p + 24. Give c(-9).
-75
Let g(j) = j**3 + 2*j**2 - 2*j + 11. Determine g(0).
11
Let q(k) = -k**3 - k**2 + 7*k + 2. Determine q(-3).
-1
Let t(n) = 62*n - 72. Give t(1).
-10
Let t(o) = -5*o - 9. Determine t(-7).
26
Let i(x) = 2*x**2 + 2*x. Calculate i(2).
12
Let r(c) = 4*c**2 + 3*c. Give r(-2).
10
Let b(u) = u**2 + 22*u - 53. Calculate b(-24).
-5
Let c(y) = y**2 + 2*y. Determine c(-7).
35
Let y(m) = m**3 - 24*m**2 - 5. What is y(24)?
-5
Let j(u) = -u**2 + 11*u - 2. Give j(10).
8
Let p(j) = 2*j**3 - 5*j**2 + 5*j - 5. Determine p(2).
1
Let i(z) = -z**2 + 24*z + 209. Give i(-7).
-8
Let k(b) = b**3 - 8*b**2 + 7*b - 6. Give k(6).
-36
Let k(t) = 9*t**2 + 2*t - 1. Determine k(-2).
31
Let d(t) = -3*t**3 + 5*t**2 + 2*t - 3. Determine d(2).
-3
Let j(u) = -2*u**3 + 5*u**2 + 11*u - 3. What is j(-4)?
161
Let q(f) = -f**2 - 9*f + 5. Give q(-7).
19
Let n(j) = j**3 + 8*j**2 + 10*j + 3. Calculate n(-7).
-18
Let b(t) = t**2 + t - 15. Calculate b(-12).
117
Let w(q) = q**2 + 12*q - 12. Calculate w(-13).
1
Let r(a) = -a - 10. Determine r(-12).
2
Let p(s) = -s**2 + 3*s - 10. Give p(4).
-14
Let k(z) = z**3 - 10*z**2 + 5*z + 31. Calculate k(9).
-5
Let q(f) = f**3 + 4*f**2 - f. Give q(-2).
10
Let g(f) = 77*f - 770. Determine g(10).
0
Let a(t) = t**3 - 10*t**2 - 4. Calculate a(10).
-4
Let m(w) = w**2 - 21*w + 19. Give m(18).
-35
Let z(p) = -121*p - 602. What is z(-5)?
3
Let y(z) = -2*z - 14. What is y(-13)?
12
Let x(w) = -w**3 - 17*w**2 + 18*w + 3. What is x(-18)?
3
Let n(r) = r**2 + 9*r + 9. Calculate n(-8).
1
Let l(b) = b**2 - 20*b - 43. Give l(21).
-22
Let d(p) = 27*p + 1. What is d(1)?
28
Let q(m) = -m**3 - 16*m**2 - 6. Calculate q(-16).
-6
Let r(b) = -b**3 - 5*b - 6. Calculate r(-3).
36
Let q(i) = 2*i**3 + i**2 - 11*i + 10. Give q(1).
2
Let f(t) = -2*t**3 + 3*t**2 - 2*t - 2. What is f(3)?
-35
Let i(r) = -86*r - 162. Calculate i(-2).
10
Let g(z) = -11*z + 16. Determine g(2).
-6
Let f(q) = q**2 - 5*q - 13. Determine f(8).
11
Let w(s) = -s**3 + 6*s**2 - 3*s - 3. Give w(5).
7
Let o(r) = 7*r**2 + r + 3. Calculate o(-1).
9
Let m(z) = 4*z + 195. Determine m(-45).
15
Let r(w) = -4*w + 14. Give r(0).
14
Let g(a) = -23*a + 1650. What is g(72)?
-6
Let m(t) = -t**3 + 14*t**2 + t - 1. Give m(14).
13
Let i(c) = c - 8. Give i(9).
1
Let h(l) = -l**3 - 12*l**2 - 14*l + 16. Give h(-11).
49
Let i(q) = -23*q**2 + q. Calculate i(1).
-22
Let l(a) = -10*a - 19. What is l(-6)?
41
Let m(i) = -i**3 + 9*i**2 + 6*i + 29. Calculate m(10).
-11
Let r(k) = -k**2 + 2*k + 4. Calculate r(0).
4
Let t(q) = -2*q**2 + 40*q - 6. Determine t(20).
-6
Let y(g) = 5*g - 5. Calculate y(3).
10
Let c(l) = -3*l - 70. What is c(-10)?
-40
Let m(p) = p**2 + 10*p + 2. Calculate m(-11).
13
Let w(a) = a**3 + 6*a**2 - 6*a - 25. Determine w(-4).
31
Let t(d) = 20*d**3 - d**2 + 5*d - 4. Determine t(1).
20
Let c(u) = u**3 - 20*u**2 - 11*u + 24. Determine c(20).
-196
Let k(n) = -n + 7. What is k(-13)?
20
Let k(j) = -j**2 + 2*j + 7. What is k(5)?
-8
Let m(o) = -2*o**3 + o. What is m(1)?
-1
Let q(x) = 9*x**2 + 3*x + 4. What is q(-1)?
10
Let d(m) = -2*m - 2. Give d(2).
-6
Let i(j) = 28*j - 33. What is i(2)?
23
Let z(h) = -8*h - 10. Give z(6).
-58
Let c(n) = -2*n + 15. Determine c(8).
-1
Let q(f) = f**3 + 11*f**2 + 6*f - 50. Give q(-10).
-10
Let k(i) = i**3 + 8*i**2 - 10*i + 96. Give k(-10).
-4
Let v(b) = -b**2 - 2*b - 15. What is v(0)?
-15
Let f(j) = -3*j - 23. Determine f(-11).
10
Let n(s) = -s**2 - 10*s - 10. Determine n(-7).
11
Let q(k) = 2*k**2 - 26*k + 33. Give q(12).
9
Let q(b) = b + 41. Give q(10).
51
Let h(u) = u**2 - 10*u + 9. Give h(10).
9
Let x(b) = -b**3 - 3*b - 5. Calculate x(0).
-5
Let j(p) = 4*p + 14. Give j(-4).
-2
Let p(v) = -v**2 + 5*v + 6. Calculate p(5).
6
Let v(x) = -2*x**2 - x + 13. Calculate v(4).
-23
Let b(j) = -j + 12. Calculate b(13).
-1
Let s(p) = p**2 - 13*p + 50. Calculate s(8).
10
Let n(s) = -s**3 + 2*s + 4. What is n(-2)?
8
Let h(w) = -w**3 + 7*w**2 + 10*w + 10. Calculate h(8).
26
Let z(j) = -j**2 - 17*j + 24. Calculate z(-19).
-14
Let z(f) = 2*f**2 + 11*f - 11. Calculate z(4).
65
Let u(g) = g**3 + 9*g**2 - 6*g + 42. Calculate u(-10).
2
Let t(s) = 4*s**3 + s + 1. Determine t(-1).
-4
Let x(v) = 7*v + 118. Calculate x(-18).
-8
Let a(s) = -s**3 + 6*s**2 + s. Calculate a(6).
6
Let b(x) = x**3 - 11*x**2 - 4*x + 2. Calculate b(12).
98
Let v(d) = -18*d - 13. Give v(-3).
41
Let p(q) = q**3 - 24*q**2 + q - 30. Calculate p(24).
-6
Let j(f) = -f**3 - 3*f**2 + 2*f + 2. Calculate j(-3).
-4
Let f(h) = -2*h**2 + 74*h + 15. What is f(37)?
15
Let n(s) = s**2 + 16*s - 1. Calculate n(-15).
-16
Let s(d) = 21*d**2 + d + 1. Determine s(-1).
21
Let r(p) = p**3 + 8*p**2 + 2*p + 9. Give r(-6).
69
Let r(k) = -3*k**2 + 13*k + 11. Calculate r(6).
-19
Let s(l) = l**3 - 3*l**2 + l - 4. Calculate s(4).
16
Let l(n) = 62*n - 368. Calculate l(6).
4
Let c(l) = -57*l**2 - 2*l + 1. What is c(1)?
-58
Let n(w) = w**2 + 8*w + 21. Determine n(-4).
5
Let y(s) = s + 8. Determine y(3).
11
Let q(o) = 26*o + 451. What is q(-17)?
9
Let v(t) = 3*t - 13. Determine v(11).
20
Let k(h) = h**3 - 7*h**2 - h + 2. Give k(6).
-40
Let c(t) = 3*t**2 - 22*t + 19. What is c(5)?
-16
Let w(z) = z**2 + 19*z + 17. Determine w(-18).
-1
Let r(u) = u**3 - 15*u**2 + 12*u + 46. Determine r(14).
18
Let g(l) = l - 21. Give g(-7).
-28
Let g(i) = 6*i - 89. Calculate g(17).
13
Let y(l) = -l**3 - 3*l**2 + 2*l - 15. What is y(-4)?
-7
Let q(d) = -3*d**2 - 14*d + 120. Determine q(-9).
3
Let d(o) = 14*o - 65. What is d(4)?
-9
Let o(f) = -f**2 + 79*f + 1. Determine o(79).
1
Let i(g) = 2*g**2 - 5*g + 5. What is i(1)?
2
Let y(i) = -55*i + 4. Give y(1).
-51
Let r(o) = 4*o**2 - o - 1. Calculate r(-1).
4
Let w(y) = -y**3 + 2*y**2 + 18*y - 47. What is w(4)?
-7
Let x(y) = 6*y - 69. Calculate x(11).
-3
Let k(u) = u**2 + 5*u + 3. Determine k(-7).
17
Let w(g) = g**3 + 2*g**2 + 3*g + 4. Give w(-2).
-2
Let r(b) = 7*b**2 - 6*b + 7. Calculate r(1).
8
Let f(n) = 5*n**2 + 2*n + 14. Calculate f(4).
102
Let n(h) = h**2 + 12*h + 2. What is n(-11)?
-9
Let q(r) = -3*r**2 + 5*r + 2. Calculate q(-6).
-136
Let w(o) = o**2 - o + 43. Calculate w(0).
43
Let b(y) = -y**2 + 15*y - 1. Determine b(10).
49
Let k(r) = 2*r - 24. Give k(12).
0
Let o(x) = -x**2 - 7*x + 147. Calculate o(-16).
3
Let u(b) = b**2 - 4*b + 3. Determine u(3).
0
Let l(a) = -12*a - 297. Give l(-26).
15
Let d(s) = -30*s**2 - s - 1. Give d(-1).
-30
Let c(u) = 17*u - 21. Give c(1).
-4
Let n(a) = -a**3 + 6*a**2 + 8*a + 6. What is n(7)?
13
Let k(p) = -18*p - 144. Calculate k(-9).
18
Let l(j) = -5*j**2 - 8*j + 1. What is l(-2)?
-3
Let b(v) = -3*v + 1. Give b(-9).
28
Let s(l) = -2*l**2 + 2*l + 5. What is s(0)?
5
Let x(q) = -q**2 - 9*q - 21. Give x(-10).
-31
Let p(q) = -2*q**2 - 21*q - 40. What is p(-6)?
14
Let l(t) = t**3 - t**2 - t + 1. Calculate l(-2).
-9
Let t(v) = 2*v**2 + 11*v + 7. Determine t(-6).
13
Let n(w) = w**3 + 8*w**2 + 3*w - 11. Calculate n(-7).
17
Let u(a) = a. Determine u(-5).
-5
Let c(u) = 3*u**2 + 32*u + 4. What is c(-11)?
15
Let f(y) = y**2 + 9*y - 95. Determine f(-16).
17
Let r(d) = -d**2 + 21*d - 30. Calculate r(22).
-52
Let d(x) = -x**3 + 2*x**2 + 2*x + 3. Calculate d(4).
-21
Let p(b) = -b**3 - 7*b**2 - 5*b - 15. Calculate p(-6).
-21
Let l(q) = 4*q + 5. Give l(-4).
-11
Let h(i) = i**2 + 5*i - 6. Determine h(-5).
-6
Let j(t) = -t**3 + 18*t**2 - 2*t - 54. Determine j(17).
201
Let w(